{"id":27,"date":"2014-11-01T19:02:24","date_gmt":"2014-11-01T19:02:24","guid":{"rendered":"http:\/\/wordpress.lauftreffhagen-emst.de\/?page_id=27"},"modified":"2023-08-05T19:41:05","modified_gmt":"2023-08-05T19:41:05","slug":"laufgruppen","status":"publish","type":"page","link":"https:\/\/lauftreffhagen-emst.de\/?page_id=27","title":{"rendered":"Laufgruppen"},"content":{"rendered":"<p>Wir haben verschiedene Laufgruppen, die ca. eine Stunde laufen.<\/p>\n<p>Jede Laufgruppe wird von einem\/einer Lauftreff-Betreuer\/in gef\u00fchrt.<\/p>\n<p>Die Gruppen laufen verschiedene Strecken zwischen 7 und 11 Kilometer im unterschiedlichen Tempo. Die Laufstrecken f\u00fchren je nach Laufgruppe und Jahreszeit durch Emst und in die waldreiche Umgebung.<\/p>\n\n<div class=\"wp-block-image\">\n<figure class=\"alignright size-full is-resized\"><img loading=\"lazy\" decoding=\"async\" src=\"https:\/\/lauftreffhagen-emst.de\/wp-content\/uploads\/2023\/06\/2023-01-22-Sola-im-Schnee.png\" alt=\"\" class=\"wp-image-1811\" width=\"144\" height=\"117\" srcset=\"https:\/\/lauftreffhagen-emst.de\/wp-content\/uploads\/2023\/06\/2023-01-22-Sola-im-Schnee.png 574w, https:\/\/lauftreffhagen-emst.de\/wp-content\/uploads\/2023\/06\/2023-01-22-Sola-im-Schnee-300x245.png 300w\" sizes=\"(max-width: 144px) 100vw, 144px\" \/><\/figure><\/div>\n\n\n<p>Wir laufen bei (fast) jedem Wetter (z.B. Dauerregen oder Schneefall). <br>Bei Unwetterwarnungen fallen die Laufgruppen ggf. aus.<\/p>\n\n\n\n<p> <\/p>\n\n\n\n<p>Interesse am Lauftreff? F\u00fcr Neuzug\u00e4nge, die bereits 45 bis 60 Minuten am St\u00fcck laufen k\u00f6nnen, eignen sich die Termine dienstags auf dem Emster Marktplatz oder sonntags am Hengsteysee f\u00fcr den Einstieg am besten. <br>Siehe \u201a<a rel=\"noreferrer noopener\" href=\"https:\/\/lauftreffhagen-emst.de\/?page_id=23\" target=\"_blank\">Treffpunkt und Zeiten<\/a> \u2018.<\/p>\n","protected":false},"excerpt":{"rendered":"<p>Wir haben verschiedene Laufgruppen, die ca. eine Stunde laufen. Jede Laufgruppe wird von einem\/einer Lauftreff-Betreuer\/in gef\u00fchrt. Die Gruppen laufen verschiedene Strecken zwischen 7 und 11 Kilometer im unterschiedlichen Tempo. Die Laufstrecken f\u00fchren je nach Laufgruppe und Jahreszeit durch Emst und &#8230; <a class=\"more-link\" href=\"https:\/\/lauftreffhagen-emst.de\/?page_id=27\">Read More &raquo;<\/a><\/p>\n","protected":false},"author":1,"featured_media":0,"parent":0,"menu_order":0,"comment_status":"closed","ping_status":"closed","template":"","meta":{"footnotes":""},"_links":{"self":[{"href":"https:\/\/lauftreffhagen-emst.de\/index.php?rest_route=\/wp\/v2\/pages\/27"}],"collection":[{"href":"https:\/\/lauftreffhagen-emst.de\/index.php?rest_route=\/wp\/v2\/pages"}],"about":[{"href":"https:\/\/lauftreffhagen-emst.de\/index.php?rest_route=\/wp\/v2\/types\/page"}],"author":[{"embeddable":true,"href":"https:\/\/lauftreffhagen-emst.de\/index.php?rest_route=\/wp\/v2\/users\/1"}],"replies":[{"embeddable":true,"href":"https:\/\/lauftreffhagen-emst.de\/index.php?rest_route=%2Fwp%2Fv2%2Fcomments&post=27"}],"version-history":[{"count":14,"href":"https:\/\/lauftreffhagen-emst.de\/index.php?rest_route=\/wp\/v2\/pages\/27\/revisions"}],"predecessor-version":[{"id":1944,"href":"https:\/\/lauftreffhagen-emst.de\/index.php?rest_route=\/wp\/v2\/pages\/27\/revisions\/1944"}],"wp:attachment":[{"href":"https:\/\/lauftreffhagen-emst.de\/index.php?rest_route=%2Fwp%2Fv2%2Fmedia&parent=27"}],"curies":[{"name":"wp","href":"https:\/\/api.w.org\/{rel}","templated":true}]}}