{"id":1167,"date":"2019-08-05T12:53:38","date_gmt":"2019-08-05T12:53:38","guid":{"rendered":"http:\/\/lauftreffhagen-emst.de\/?page_id=1167"},"modified":"2019-08-05T12:57:05","modified_gmt":"2019-08-05T12:57:05","slug":"wanderung-am-21-7-2019","status":"publish","type":"page","link":"https:\/\/lauftreffhagen-emst.de\/?page_id=1167","title":{"rendered":"Wanderung der Nordic-Walking-Abteilung am 21.7.2019"},"content":{"rendered":"<p><strong>Auch in diesem Jahr, hatte Horst eine anspruchsvolle Wanderung\u00a0 geplant. Treffpunkt war um 10.15 Uhr am Kirchenbergstadion in Hohenlimburg. 19 Walkerinnen und Walker fanden sich ein. Leider hatten kurzfristig 5 Wanderer abgesagt.<\/strong><\/p>\n<p><img loading=\"lazy\" decoding=\"async\" class=\"alignnone wp-image-1165\" src=\"https:\/\/lauftreffhagen-emst.de\/wp-content\/uploads\/2019\/08\/2019-07-21-10.48.32-300x191.jpg\" alt=\"\" width=\"418\" height=\"266\" srcset=\"https:\/\/lauftreffhagen-emst.de\/wp-content\/uploads\/2019\/08\/2019-07-21-10.48.32-300x191.jpg 300w, https:\/\/lauftreffhagen-emst.de\/wp-content\/uploads\/2019\/08\/2019-07-21-10.48.32-768x489.jpg 768w, https:\/\/lauftreffhagen-emst.de\/wp-content\/uploads\/2019\/08\/2019-07-21-10.48.32.jpg 1024w, https:\/\/lauftreffhagen-emst.de\/wp-content\/uploads\/2019\/08\/2019-07-21-10.48.32-940x599.jpg 940w\" sizes=\"(max-width: 418px) 100vw, 418px\" \/><\/p>\n<p><strong>Das Wetter war zum Wandern ausgezeichnet. Die Wanderung f\u00fchrte am Lokal \u201e Haus Schlesierland \u201e in Richtung Humpferturm vorbei. Am Turm wurde eine kleine Erfrischungspause eingelegt und wer wollte konnte den Aussichtsturm besteigen.<\/strong><\/p>\n<p><img loading=\"lazy\" decoding=\"async\" class=\"alignnone size-medium wp-image-1190\" src=\"https:\/\/lauftreffhagen-emst.de\/wp-content\/uploads\/2019\/08\/2019-07-21-11.19.01-169x300.jpg\" alt=\"\" width=\"169\" height=\"300\" srcset=\"https:\/\/lauftreffhagen-emst.de\/wp-content\/uploads\/2019\/08\/2019-07-21-11.19.01-169x300.jpg 169w, https:\/\/lauftreffhagen-emst.de\/wp-content\/uploads\/2019\/08\/2019-07-21-11.19.01.jpg 432w\" sizes=\"(max-width: 169px) 100vw, 169px\" \/> <img loading=\"lazy\" decoding=\"async\" class=\"alignnone size-medium wp-image-1180\" src=\"https:\/\/lauftreffhagen-emst.de\/wp-content\/uploads\/2019\/08\/IMG-20190721-WA0002-225x300.jpg\" alt=\"\" width=\"225\" height=\"300\" srcset=\"https:\/\/lauftreffhagen-emst.de\/wp-content\/uploads\/2019\/08\/IMG-20190721-WA0002-225x300.jpg 225w, https:\/\/lauftreffhagen-emst.de\/wp-content\/uploads\/2019\/08\/IMG-20190721-WA0002.jpg 768w\" sizes=\"(max-width: 225px) 100vw, 225px\" \/> <img loading=\"lazy\" decoding=\"async\" class=\"alignnone size-medium wp-image-1172\" src=\"https:\/\/lauftreffhagen-emst.de\/wp-content\/uploads\/2019\/08\/2019-07-21-11.18.58-169x300.jpg\" alt=\"\" width=\"169\" height=\"300\" srcset=\"https:\/\/lauftreffhagen-emst.de\/wp-content\/uploads\/2019\/08\/2019-07-21-11.18.58-169x300.jpg 169w, https:\/\/lauftreffhagen-emst.de\/wp-content\/uploads\/2019\/08\/2019-07-21-11.18.58.jpg 432w\" sizes=\"(max-width: 169px) 100vw, 169px\" \/><\/p>\n<p><img loading=\"lazy\" decoding=\"async\" class=\"size-medium wp-image-1175 alignleft\" src=\"https:\/\/lauftreffhagen-emst.de\/wp-content\/uploads\/2019\/08\/2019-07-21-11.23.56-300x169.jpg\" alt=\"\" width=\"300\" height=\"169\" srcset=\"https:\/\/lauftreffhagen-emst.de\/wp-content\/uploads\/2019\/08\/2019-07-21-11.23.56-300x169.jpg 300w, https:\/\/lauftreffhagen-emst.de\/wp-content\/uploads\/2019\/08\/2019-07-21-11.23.56-768x432.jpg 768w, https:\/\/lauftreffhagen-emst.de\/wp-content\/uploads\/2019\/08\/2019-07-21-11.23.56.jpg 1024w, https:\/\/lauftreffhagen-emst.de\/wp-content\/uploads\/2019\/08\/2019-07-21-11.23.56-940x529.jpg 940w\" sizes=\"(max-width: 300px) 100vw, 300px\" \/><\/p>\n<figure id=\"attachment_1186\" aria-describedby=\"caption-attachment-1186\" style=\"width: 285px\" class=\"wp-caption alignright\"><img loading=\"lazy\" decoding=\"async\" class=\"wp-image-1186 \" src=\"https:\/\/lauftreffhagen-emst.de\/wp-content\/uploads\/2019\/08\/IMG-20190721-WA0014-225x300.jpg\" alt=\"\" width=\"285\" height=\"380\" srcset=\"https:\/\/lauftreffhagen-emst.de\/wp-content\/uploads\/2019\/08\/IMG-20190721-WA0014-225x300.jpg 225w, https:\/\/lauftreffhagen-emst.de\/wp-content\/uploads\/2019\/08\/IMG-20190721-WA0014-768x1024.jpg 768w, https:\/\/lauftreffhagen-emst.de\/wp-content\/uploads\/2019\/08\/IMG-20190721-WA0014-940x1253.jpg 940w, https:\/\/lauftreffhagen-emst.de\/wp-content\/uploads\/2019\/08\/IMG-20190721-WA0014.jpg 1200w\" sizes=\"(max-width: 285px) 100vw, 285px\" \/><figcaption id=\"caption-attachment-1186\" class=\"wp-caption-text\"><strong>Zu sauer?<\/strong><\/figcaption><\/figure>\n<figure id=\"attachment_1196\" aria-describedby=\"caption-attachment-1196\" style=\"width: 225px\" class=\"wp-caption alignleft\"><img loading=\"lazy\" decoding=\"async\" class=\"wp-image-1196\" src=\"https:\/\/lauftreffhagen-emst.de\/wp-content\/uploads\/2019\/08\/2019-07-21-11.22.23-169x300.jpg\" alt=\"\" width=\"225\" height=\"399\" srcset=\"https:\/\/lauftreffhagen-emst.de\/wp-content\/uploads\/2019\/08\/2019-07-21-11.22.23-169x300.jpg 169w, https:\/\/lauftreffhagen-emst.de\/wp-content\/uploads\/2019\/08\/2019-07-21-11.22.23.jpg 432w\" sizes=\"(max-width: 225px) 100vw, 225px\" \/><figcaption id=\"caption-attachment-1196\" class=\"wp-caption-text\"><strong>Es gab auch etwas S\u00fc\u00dfes<\/strong><\/figcaption><\/figure>\n<p><strong> \u00a0 \u00a0 \u00a0 \u00a0 \u00a0 \u00a0 \u00a0 \u00a0 \u00a0 \u00a0 \u00a0 \u00a0 \u00a0 \u00a0 \u00a0 \u00a0 \u00a0 <img loading=\"lazy\" decoding=\"async\" class=\" wp-image-1176 alignright\" src=\"https:\/\/lauftreffhagen-emst.de\/wp-content\/uploads\/2019\/08\/2019-07-21-11.42.36-300x169.jpg\" alt=\"\" width=\"304\" height=\"171\" srcset=\"https:\/\/lauftreffhagen-emst.de\/wp-content\/uploads\/2019\/08\/2019-07-21-11.42.36-300x169.jpg 300w, https:\/\/lauftreffhagen-emst.de\/wp-content\/uploads\/2019\/08\/2019-07-21-11.42.36-768x432.jpg 768w, https:\/\/lauftreffhagen-emst.de\/wp-content\/uploads\/2019\/08\/2019-07-21-11.42.36.jpg 1024w, https:\/\/lauftreffhagen-emst.de\/wp-content\/uploads\/2019\/08\/2019-07-21-11.42.36-940x529.jpg 940w\" sizes=\"(max-width: 304px) 100vw, 304px\" \/><\/strong><\/p>\n<p><strong>\u00a0\u00a0\u00a0\u00a0\u00a0\u00a0\u00a0\u00a0\u00a0\u00a0\u00a0\u00a0\u00a0\u00a0\u00a0\u00a0\u00a0\u00a0\u00a0\u00a0 <\/strong><\/p>\n<p>&nbsp;<\/p>\n<p>&nbsp;<\/p>\n<p>&nbsp;<\/p>\n<p>&nbsp;<\/p>\n<p>&nbsp;<\/p>\n<p>&nbsp;<\/p>\n<p>&nbsp;<\/p>\n<p>&nbsp;<\/p>\n<p><strong>Gest\u00e4rkt ging es durch den Wald Richtung Iserlohn-St\u00fcbbeke. Bedingt durch Baumf\u00e4llarbeiten mussten wir die Strecke verlassen und die Route etwas verk\u00fcrzen. Um 12.45 Uhr war dann unser gemeinsames Mittagessen in der Gastst\u00e4tte \u201e Zum Sch\u00e4lk \u201e.\u00a0 Der R\u00fcckweg war etwas k\u00fcrzer, so dass wir gegen 15.15 Uhr wieder am Kirchenbergstadion zur\u00fcck waren.<br \/>\n<\/strong><\/p>\n<p><img loading=\"lazy\" decoding=\"async\" class=\"alignnone wp-image-1187\" src=\"https:\/\/lauftreffhagen-emst.de\/wp-content\/uploads\/2019\/08\/IMG-20190721-WA0015-225x300.jpg\" alt=\"\" width=\"212\" height=\"283\" srcset=\"https:\/\/lauftreffhagen-emst.de\/wp-content\/uploads\/2019\/08\/IMG-20190721-WA0015-225x300.jpg 225w, https:\/\/lauftreffhagen-emst.de\/wp-content\/uploads\/2019\/08\/IMG-20190721-WA0015-768x1024.jpg 768w, https:\/\/lauftreffhagen-emst.de\/wp-content\/uploads\/2019\/08\/IMG-20190721-WA0015-940x1253.jpg 940w, https:\/\/lauftreffhagen-emst.de\/wp-content\/uploads\/2019\/08\/IMG-20190721-WA0015.jpg 1200w\" sizes=\"(max-width: 212px) 100vw, 212px\" \/>\u00a0 <img loading=\"lazy\" decoding=\"async\" class=\"alignnone wp-image-1185\" src=\"https:\/\/lauftreffhagen-emst.de\/wp-content\/uploads\/2019\/08\/IMG-20190721-WA0013-225x300.jpg\" alt=\"\" width=\"211\" height=\"281\" srcset=\"https:\/\/lauftreffhagen-emst.de\/wp-content\/uploads\/2019\/08\/IMG-20190721-WA0013-225x300.jpg 225w, https:\/\/lauftreffhagen-emst.de\/wp-content\/uploads\/2019\/08\/IMG-20190721-WA0013-768x1024.jpg 768w, https:\/\/lauftreffhagen-emst.de\/wp-content\/uploads\/2019\/08\/IMG-20190721-WA0013-940x1253.jpg 940w, https:\/\/lauftreffhagen-emst.de\/wp-content\/uploads\/2019\/08\/IMG-20190721-WA0013.jpg 1200w\" sizes=\"(max-width: 211px) 100vw, 211px\" \/>\u00a0 <img loading=\"lazy\" decoding=\"async\" class=\"alignnone wp-image-1208\" src=\"https:\/\/lauftreffhagen-emst.de\/wp-content\/uploads\/2019\/08\/2019-07-21-15.05.40-1-169x300.jpg\" alt=\"\" width=\"158\" height=\"281\" srcset=\"https:\/\/lauftreffhagen-emst.de\/wp-content\/uploads\/2019\/08\/2019-07-21-15.05.40-1-169x300.jpg 169w, https:\/\/lauftreffhagen-emst.de\/wp-content\/uploads\/2019\/08\/2019-07-21-15.05.40-1.jpg 432w\" sizes=\"(max-width: 158px) 100vw, 158px\" \/><\/p>\n<p><img loading=\"lazy\" decoding=\"async\" class=\"alignnone wp-image-1177\" src=\"https:\/\/lauftreffhagen-emst.de\/wp-content\/uploads\/2019\/08\/2019-07-21-11.42.47-300x169.jpg\" alt=\"\" width=\"306\" height=\"172\" srcset=\"https:\/\/lauftreffhagen-emst.de\/wp-content\/uploads\/2019\/08\/2019-07-21-11.42.47-300x169.jpg 300w, https:\/\/lauftreffhagen-emst.de\/wp-content\/uploads\/2019\/08\/2019-07-21-11.42.47-768x432.jpg 768w, https:\/\/lauftreffhagen-emst.de\/wp-content\/uploads\/2019\/08\/2019-07-21-11.42.47.jpg 1024w, https:\/\/lauftreffhagen-emst.de\/wp-content\/uploads\/2019\/08\/2019-07-21-11.42.47-940x529.jpg 940w\" sizes=\"(max-width: 306px) 100vw, 306px\" \/> <img loading=\"lazy\" decoding=\"async\" class=\"alignnone wp-image-1179\" src=\"https:\/\/lauftreffhagen-emst.de\/wp-content\/uploads\/2019\/08\/2019-07-21-12.30.24-300x185.jpg\" alt=\"\" width=\"281\" height=\"173\" srcset=\"https:\/\/lauftreffhagen-emst.de\/wp-content\/uploads\/2019\/08\/2019-07-21-12.30.24-300x185.jpg 300w, https:\/\/lauftreffhagen-emst.de\/wp-content\/uploads\/2019\/08\/2019-07-21-12.30.24-768x474.jpg 768w, https:\/\/lauftreffhagen-emst.de\/wp-content\/uploads\/2019\/08\/2019-07-21-12.30.24.jpg 1024w, https:\/\/lauftreffhagen-emst.de\/wp-content\/uploads\/2019\/08\/2019-07-21-12.30.24-940x580.jpg 940w\" sizes=\"(max-width: 281px) 100vw, 281px\" \/><\/p>\n<p><strong>Nach etwa 9 km ging ein sch\u00f6ner Wandertag zu Ende<\/strong><strong>.<br \/>\n<\/strong><\/p>\n","protected":false},"excerpt":{"rendered":"<p>Auch in diesem Jahr, hatte Horst eine anspruchsvolle Wanderung\u00a0 geplant. Treffpunkt war um 10.15 Uhr am Kirchenbergstadion in Hohenlimburg. 19 Walkerinnen und Walker fanden sich ein. Leider hatten kurzfristig 5 Wanderer abgesagt. Das Wetter war zum Wandern ausgezeichnet. Die Wanderung &#8230; <a class=\"more-link\" href=\"https:\/\/lauftreffhagen-emst.de\/?page_id=1167\">Read More &raquo;<\/a><\/p>\n","protected":false},"author":6,"featured_media":0,"parent":0,"menu_order":0,"comment_status":"closed","ping_status":"closed","template":"","meta":{"footnotes":""},"_links":{"self":[{"href":"https:\/\/lauftreffhagen-emst.de\/index.php?rest_route=\/wp\/v2\/pages\/1167"}],"collection":[{"href":"https:\/\/lauftreffhagen-emst.de\/index.php?rest_route=\/wp\/v2\/pages"}],"about":[{"href":"https:\/\/lauftreffhagen-emst.de\/index.php?rest_route=\/wp\/v2\/types\/page"}],"author":[{"embeddable":true,"href":"https:\/\/lauftreffhagen-emst.de\/index.php?rest_route=\/wp\/v2\/users\/6"}],"replies":[{"embeddable":true,"href":"https:\/\/lauftreffhagen-emst.de\/index.php?rest_route=%2Fwp%2Fv2%2Fcomments&post=1167"}],"version-history":[{"count":32,"href":"https:\/\/lauftreffhagen-emst.de\/index.php?rest_route=\/wp\/v2\/pages\/1167\/revisions"}],"predecessor-version":[{"id":1228,"href":"https:\/\/lauftreffhagen-emst.de\/index.php?rest_route=\/wp\/v2\/pages\/1167\/revisions\/1228"}],"wp:attachment":[{"href":"https:\/\/lauftreffhagen-emst.de\/index.php?rest_route=%2Fwp%2Fv2%2Fmedia&parent=1167"}],"curies":[{"name":"wp","href":"https:\/\/api.w.org\/{rel}","templated":true}]}}

<p><strong>Auch in diesem Jahr, hatte Horst eine anspruchsvolle Wanderung  geplant. Treffpunkt war um 10.15 Uhr am Kirchenbergstadion in Hohenlimburg. 19 Walkerinnen und Walker fanden sich ein. Leider hatten kurzfristig 5 Wanderer abgesagt.</strong></p>
<p><img loading="lazy" decoding="async" class="alignnone wp-image-1165" src="https://lauftreffhagen-emst.de/wp-content/uploads/2019/08/2019-07-21-10.48.32-300x191.jpg" alt="" width="418" height="266" srcset="https://lauftreffhagen-emst.de/wp-content/uploads/2019/08/2019-07-21-10.48.32-300x191.jpg 300w, https://lauftreffhagen-emst.de/wp-content/uploads/2019/08/2019-07-21-10.48.32-768x489.jpg 768w, https://lauftreffhagen-emst.de/wp-content/uploads/2019/08/2019-07-21-10.48.32.jpg 1024w, https://lauftreffhagen-emst.de/wp-content/uploads/2019/08/2019-07-21-10.48.32-940x599.jpg 940w" sizes="(max-width: 418px) 100vw, 418px" /></p>
<p><strong>Das Wetter war zum Wandern ausgezeichnet. Die Wanderung führte am Lokal „ Haus Schlesierland „ in Richtung Humpferturm vorbei. Am Turm wurde eine kleine Erfrischungspause eingelegt und wer wollte konnte den Aussichtsturm besteigen.</strong></p>
<p><img loading="lazy" decoding="async" class="alignnone size-medium wp-image-1190" src="https://lauftreffhagen-emst.de/wp-content/uploads/2019/08/2019-07-21-11.19.01-169x300.jpg" alt="" width="169" height="300" srcset="https://lauftreffhagen-emst.de/wp-content/uploads/2019/08/2019-07-21-11.19.01-169x300.jpg 169w, https://lauftreffhagen-emst.de/wp-content/uploads/2019/08/2019-07-21-11.19.01.jpg 432w" sizes="(max-width: 169px) 100vw, 169px" /> <img loading="lazy" decoding="async" class="alignnone size-medium wp-image-1180" src="https://lauftreffhagen-emst.de/wp-content/uploads/2019/08/IMG-20190721-WA0002-225x300.jpg" alt="" width="225" height="300" srcset="https://lauftreffhagen-emst.de/wp-content/uploads/2019/08/IMG-20190721-WA0002-225x300.jpg 225w, https://lauftreffhagen-emst.de/wp-content/uploads/2019/08/IMG-20190721-WA0002.jpg 768w" sizes="(max-width: 225px) 100vw, 225px" /> <img loading="lazy" decoding="async" class="alignnone size-medium wp-image-1172" src="https://lauftreffhagen-emst.de/wp-content/uploads/2019/08/2019-07-21-11.18.58-169x300.jpg" alt="" width="169" height="300" srcset="https://lauftreffhagen-emst.de/wp-content/uploads/2019/08/2019-07-21-11.18.58-169x300.jpg 169w, https://lauftreffhagen-emst.de/wp-content/uploads/2019/08/2019-07-21-11.18.58.jpg 432w" sizes="(max-width: 169px) 100vw, 169px" /></p>
<p><img loading="lazy" decoding="async" class="size-medium wp-image-1175 alignleft" src="https://lauftreffhagen-emst.de/wp-content/uploads/2019/08/2019-07-21-11.23.56-300x169.jpg" alt="" width="300" height="169" srcset="https://lauftreffhagen-emst.de/wp-content/uploads/2019/08/2019-07-21-11.23.56-300x169.jpg 300w, https://lauftreffhagen-emst.de/wp-content/uploads/2019/08/2019-07-21-11.23.56-768x432.jpg 768w, https://lauftreffhagen-emst.de/wp-content/uploads/2019/08/2019-07-21-11.23.56.jpg 1024w, https://lauftreffhagen-emst.de/wp-content/uploads/2019/08/2019-07-21-11.23.56-940x529.jpg 940w" sizes="(max-width: 300px) 100vw, 300px" /></p>
<figure id="attachment_1186" aria-describedby="caption-attachment-1186" style="width: 285px" class="wp-caption alignright"><img loading="lazy" decoding="async" class="wp-image-1186 " src="https://lauftreffhagen-emst.de/wp-content/uploads/2019/08/IMG-20190721-WA0014-225x300.jpg" alt="" width="285" height="380" srcset="https://lauftreffhagen-emst.de/wp-content/uploads/2019/08/IMG-20190721-WA0014-225x300.jpg 225w, https://lauftreffhagen-emst.de/wp-content/uploads/2019/08/IMG-20190721-WA0014-768x1024.jpg 768w, https://lauftreffhagen-emst.de/wp-content/uploads/2019/08/IMG-20190721-WA0014-940x1253.jpg 940w, https://lauftreffhagen-emst.de/wp-content/uploads/2019/08/IMG-20190721-WA0014.jpg 1200w" sizes="(max-width: 285px) 100vw, 285px" /><figcaption id="caption-attachment-1186" class="wp-caption-text"><strong>Zu sauer?</strong></figcaption></figure>
<figure id="attachment_1196" aria-describedby="caption-attachment-1196" style="width: 225px" class="wp-caption alignleft"><img loading="lazy" decoding="async" class="wp-image-1196" src="https://lauftreffhagen-emst.de/wp-content/uploads/2019/08/2019-07-21-11.22.23-169x300.jpg" alt="" width="225" height="399" srcset="https://lauftreffhagen-emst.de/wp-content/uploads/2019/08/2019-07-21-11.22.23-169x300.jpg 169w, https://lauftreffhagen-emst.de/wp-content/uploads/2019/08/2019-07-21-11.22.23.jpg 432w" sizes="(max-width: 225px) 100vw, 225px" /><figcaption id="caption-attachment-1196" class="wp-caption-text"><strong>Es gab auch etwas Süßes</strong></figcaption></figure>
<p><strong>                                   <img loading="lazy" decoding="async" class=" wp-image-1176 alignright" src="https://lauftreffhagen-emst.de/wp-content/uploads/2019/08/2019-07-21-11.42.36-300x169.jpg" alt="" width="304" height="171" srcset="https://lauftreffhagen-emst.de/wp-content/uploads/2019/08/2019-07-21-11.42.36-300x169.jpg 300w, https://lauftreffhagen-emst.de/wp-content/uploads/2019/08/2019-07-21-11.42.36-768x432.jpg 768w, https://lauftreffhagen-emst.de/wp-content/uploads/2019/08/2019-07-21-11.42.36.jpg 1024w, https://lauftreffhagen-emst.de/wp-content/uploads/2019/08/2019-07-21-11.42.36-940x529.jpg 940w" sizes="(max-width: 304px) 100vw, 304px" /></strong></p>
<p><strong>                     </strong></p>
<p>&nbsp;</p>
<p>&nbsp;</p>
<p>&nbsp;</p>
<p>&nbsp;</p>
<p>&nbsp;</p>
<p>&nbsp;</p>
<p>&nbsp;</p>
<p>&nbsp;</p>
<p><strong>Gestärkt ging es durch den Wald Richtung Iserlohn-Stübbeke. Bedingt durch Baumfällarbeiten mussten wir die Strecke verlassen und die Route etwas verkürzen. Um 12.45 Uhr war dann unser gemeinsames Mittagessen in der Gaststätte „ Zum Schälk „.  Der Rückweg war etwas kürzer, so dass wir gegen 15.15 Uhr wieder am Kirchenbergstadion zurück waren.<br />
</strong></p>
<p><img loading="lazy" decoding="async" class="alignnone wp-image-1187" src="https://lauftreffhagen-emst.de/wp-content/uploads/2019/08/IMG-20190721-WA0015-225x300.jpg" alt="" width="212" height="283" srcset="https://lauftreffhagen-emst.de/wp-content/uploads/2019/08/IMG-20190721-WA0015-225x300.jpg 225w, https://lauftreffhagen-emst.de/wp-content/uploads/2019/08/IMG-20190721-WA0015-768x1024.jpg 768w, https://lauftreffhagen-emst.de/wp-content/uploads/2019/08/IMG-20190721-WA0015-940x1253.jpg 940w, https://lauftreffhagen-emst.de/wp-content/uploads/2019/08/IMG-20190721-WA0015.jpg 1200w" sizes="(max-width: 212px) 100vw, 212px" />  <img loading="lazy" decoding="async" class="alignnone wp-image-1185" src="https://lauftreffhagen-emst.de/wp-content/uploads/2019/08/IMG-20190721-WA0013-225x300.jpg" alt="" width="211" height="281" srcset="https://lauftreffhagen-emst.de/wp-content/uploads/2019/08/IMG-20190721-WA0013-225x300.jpg 225w, https://lauftreffhagen-emst.de/wp-content/uploads/2019/08/IMG-20190721-WA0013-768x1024.jpg 768w, https://lauftreffhagen-emst.de/wp-content/uploads/2019/08/IMG-20190721-WA0013-940x1253.jpg 940w, https://lauftreffhagen-emst.de/wp-content/uploads/2019/08/IMG-20190721-WA0013.jpg 1200w" sizes="(max-width: 211px) 100vw, 211px" />  <img loading="lazy" decoding="async" class="alignnone wp-image-1208" src="https://lauftreffhagen-emst.de/wp-content/uploads/2019/08/2019-07-21-15.05.40-1-169x300.jpg" alt="" width="158" height="281" srcset="https://lauftreffhagen-emst.de/wp-content/uploads/2019/08/2019-07-21-15.05.40-1-169x300.jpg 169w, https://lauftreffhagen-emst.de/wp-content/uploads/2019/08/2019-07-21-15.05.40-1.jpg 432w" sizes="(max-width: 158px) 100vw, 158px" /></p>
<p><img loading="lazy" decoding="async" class="alignnone wp-image-1177" src="https://lauftreffhagen-emst.de/wp-content/uploads/2019/08/2019-07-21-11.42.47-300x169.jpg" alt="" width="306" height="172" srcset="https://lauftreffhagen-emst.de/wp-content/uploads/2019/08/2019-07-21-11.42.47-300x169.jpg 300w, https://lauftreffhagen-emst.de/wp-content/uploads/2019/08/2019-07-21-11.42.47-768x432.jpg 768w, https://lauftreffhagen-emst.de/wp-content/uploads/2019/08/2019-07-21-11.42.47.jpg 1024w, https://lauftreffhagen-emst.de/wp-content/uploads/2019/08/2019-07-21-11.42.47-940x529.jpg 940w" sizes="(max-width: 306px) 100vw, 306px" /> <img loading="lazy" decoding="async" class="alignnone wp-image-1179" src="https://lauftreffhagen-emst.de/wp-content/uploads/2019/08/2019-07-21-12.30.24-300x185.jpg" alt="" width="281" height="173" srcset="https://lauftreffhagen-emst.de/wp-content/uploads/2019/08/2019-07-21-12.30.24-300x185.jpg 300w, https://lauftreffhagen-emst.de/wp-content/uploads/2019/08/2019-07-21-12.30.24-768x474.jpg 768w, https://lauftreffhagen-emst.de/wp-content/uploads/2019/08/2019-07-21-12.30.24.jpg 1024w, https://lauftreffhagen-emst.de/wp-content/uploads/2019/08/2019-07-21-12.30.24-940x580.jpg 940w" sizes="(max-width: 281px) 100vw, 281px" /></p>
<p><strong>Nach etwa 9 km ging ein schöner Wandertag zu Ende</strong><strong>.<br />
</strong></p>
